he remainder when 346882 is divided by 901?
898
What is the remainder when 10415822 is divided by 11?
10
Calculate the remainder when 31178 is divided by 6568.
4906
Calculate the remainder when 3155253 is divided by 1700.
53
What is the remainder when 10679057 is divided by 1322?
1263
Calculate the remainder when 2842773 is divided by 515.
488
What is the remainder when 1031640 is divided by 343707?
519
What is the remainder when 2530444 is divided by 1163?
919
What is the remainder when 580176 is divided by 2661?
78
Calculate the remainder when 29169272 is divided by 29169261.
11
Calculate the remainder when 107454 is divided by 3261.
3102
Calculate the remainder when 42230110 is divided by 71.
20
What is the remainder when 21665699 is divided by 525?
524
Calculate the remainder when 1259958 is divided by 1603.
0
What is the remainder when 2026900146 is divided by 41?
38
Calculate the remainder when 290769 is divided by 8050.
969
What is the remainder when 1512156 is divided by 1511631?
525
Calculate the remainder when 300531 is divided by 136.
107
Calculate the remainder when 2538903 is divided by 828.
255
What is the remainder when 9840 is divided by 3086?
582
What is the remainder when 81573 is divided by 11383?
1892
Calculate the remainder when 467310 is divided by 8186.
708
What is the remainder when 256413 is divided by 128175?
63
What is the remainder when 92594 is divided by 4809?
1223
Calculate the remainder when 493375 is divided by 907.
874
What is the remainder when 56563 is divided by 273?
52
What is the remainder when 6279198 is divided by 2535?
3
What is the remainder when 851768 is divided by 4482?
188
What is the remainder when 426725 is divided by 3776?
37
Calculate the remainder when 1172043 is divided by 3192.
579
Calculate the remainder when 300214227 is divided by 19.
15
Calculate the remainder when 120757 is divided by 40204.
145
Calculate the remainder when 790915 is divided by 367.
30
What is the remainder when 1810918 is divided by 298?
270
Calculate the remainder when 4343571 is divided by 1679.
1677
Calculate the remainder when 642920 is divided by 14.
12
What is the remainder when 1429088 is divided by 28580?
88
What is the remainder when 254922 is divided by 21?
3
Calculate the remainder when 4724832 is divided by 38728.
16
Calculate the remainder when 1164747 is divided by 6162.
129
What is the remainder when 1264963 is divided by 63221?
543
Calculate the remainder when 501858 is divided by 2789.
2627
What is the remainder when 5098477 is divided by 4893?
4864
What is the remainder when 434336 is divided by 36184?
128
Calculate the remainder when 241541 is divided by 20124.
53
Calculate the remainder when 1261569831 is divided by 42.
39
Calculate the remainder when 33292625 is divided by 9074.
119
What is the remainder when 1191912 is divided by 652?
56
What is the remainder when 990083 is divided by 123759?
11
Calculate the remainder when 3105718 is divided by 1552818.
82
Calculate the remainder when 442793 is divided by 1903.
1297
What is the remainder when 225128 is divided by 5635?
5363
What is the remainder when 5760194 is divided by 1383?
1382
Calculate the remainder when 369517 is divided by 1224.
1093
What is the remainder when 9481298 is divided by 282?
176
What is the remainder when 109503342 is divided by 19888?
14
What is the remainder when 803329 is divided by 267369?
1222
What is the remainder when 15440625 is divided by 456?
9
Calculate the remainder when 1941137 is divided by 66934.
51
Calculate the remainder when 39218 is divided by 2266.
696
What is the remainder when 10183541 is divided by 119?
116
What is the remainder when 90665 is divided by 11244?
713
Calculate the remainder when 2309003 is divided by 116.
23
What is the remainder when 1808455 is divided by 1166?
1155
What is the remainder when 2495356 is divided by 402?
142
What is the remainder when 253320 is divided by 1087?
49
Calculate the remainder when 166283 is divided by 1487.
1226
What is the remainder when 30883543 is divided by 7?
5
Calculate the remainder when 732677 is divided by 504.
365
What is the remainder when 360936 is divided by 24060?
36
What is the remainder when 5906053 is divided by 1?
0
Calculate the remainder when 924761 is divided by 231028.
649
Calculate the remainder when 3430367 is divided by 121.
17
What is the remainder when 81712229 is divided by 831?
830
Calculate the remainder when 10223 is divided by 79.
32
Calculate the remainder when 12351030 is divided by 16827.
12
Calculate the remainder when 24763220 is divided by 686.
678
What is the remainder when 10780705 is divided by 2421?
2413
Calculate the remainder when 58731 is divided by 1567.
752
What is the remainder when 66129326 is divided by 893?
890
What is the remainder when 41762567 is divided by 1128717?
38
Calculate the remainder when 140851 is divided by 4999.
879
What is the remainder when 5432387 is divided by 192?
131
What is the remainder when 2025476 is divided by 30?
26
What is the remainder when 61231 is divided by 4077?
76
What is the remainder when 154783459 is divided by 1780?
1779
Calculate the remainder when 10968799 is divided by 80.
79
Calculate the remainder when 26211545 is divided by 356.
333
What is the remainder when 14143 is divided by 352?
63
Calculate the remainder when 217023 is divided by 1543.
1003
What is the remainder when 29309 is divided by 715?
709
Calculate the remainder when 5907 is divided by 347.
8
What is the remainder when 385247 is divided by 58?
11
What is the remainder when 111183482 is divided by 3?
2
Calculate the remainder when 92982432 is divided by 64.
32
Calculate the remainder when 129737 is divided by 25947.
2
What is the remainder when 1433261 is divided by 49418?
139
Calculate the remainder when 527545 is divided by 94.
17
Calculate the remainder when 1610345 is divided by 402300.
1145
Calculate the remainder when 188203 is divided by 10454.
31
Calculate the remainder when 108472 is divided by 36056.
304
Calculate the remainder when 53720 is divided by 1582.
1514
What is the remainder when 50801891 is divided by 93?
83
What is the remainder when 383586 is divided by 10934?
896
What is the remainder when 3809882 is divided by 1252?
46
What is the remainder when 3471646 is divided by 109?
105
What is the remainder when 2457705 is divided by 218?
191
Calculate the remainder when 667584 is divided by 25676.
8
What is the remainder when 239070 is divided by 1337?
1084
What is the remainder when 360320 is divided by 81?
32
Calculate the remainder when 387352 is divided by 1525.
2
Calculate the remainder when 59718 is divided by 16256.
10950
Calculate the remainder when 92680 is divided by 3706.
30
Calculate the remainder when 420993 is divided by 26309.
49
Calculate the remainder when 94316 is divided by 6948.
3992
Calculate the remainder when 8639225 is divided by 279.
269
Calculate the remainder when 555915 is divided by 24169.
28
Calculate the remainder when 1166749 is divided by 5209.
5142
What is the remainder when 9287257 is divided by 277?
1
Calculate the remainder when 966801 is divided by 221.
147
Calculate the remainder when 634605903 is divided by 105767649.
9
What is the remainder when 467023 is divided by 2477?
1347
What is the remainder when 50961 is divided by 1275?
1236
Calculate the remainder when 405901 is divided by 358.
287
What is the remainder when 1266439 is divided by 55?
9
What is the remainder when 897192 is divided by 2971?
2921
What is the remainder when 25285185 is divided by 172008?
9
Calculate the remainder when 2233718 is divided by 631.
609
What is the remainder when 1787942 is divided by 5940?
2
What is the remainder when 654102 is divided by 8839?
16
Calculate the remainder when 107322 is divided by 183.
84
Calculate the remainder when 41559026 is divided by 129.
128
Calculate the remainder when 143491 is divided by 4341.
238
What is the remainder when 209519901 is divided by 97?
95
Calculate the remainder when 944939 is divided by 66.
17
Calculate the remainder when 36687 is divided by 777.
168
What is the remainder when 58842026 is divided by 4?
2
What is the remainder when 388035 is divided by 97002?
27
Calculate the remainder when 238796 is divided by 16785.
